29*b. Calculate the remainder when 238 is divided by b.
22
Let g(q) = -85*q + 2518. What is the remainder when g(18) is divided by 33?
31
Let d(q) be the second derivative of -q**3/2 - 4*q**2 + 87*q. What is the remainder when 90 is divided by d(-9)?
14
What is the remainder when 486 is divided by (5/(-30))/(4/(-248))*9?
21
Let t = -24 - -339. Let v = t + -120. Let b = -81 + v. What is the remainder when b is divided by 29?
27
Suppose -2*o + 49*u - 53*u = -32, 0 = 3*o - u - 48. Let k(m) = -m + 68. What is the remainder when k(0) is divided by o?
4
Let m(i) = i**3 + 26*i**2 + 22*i + 2. Suppose 2*t - 15 = -c, 0 = -c - 3*t + 11 + 2. Calculate the remainder when m(-25) is divided by c.
1
Let q be (10/(-14))/(2/(-14)). Suppose -3*p = q*c + 42, -p + 2*c - 6 = c. What is the remainder when 106 is divided by ((-27)/2)/(p/18)?
25
Let h(o) = o**3 - 6*o**2 - 5*o. Let p = 19548 - 19215. What is the remainder when p is divided by h(7)?
11
Calculate the remainder when 1035 is divided by (-24)/(-16)*2 + -8*(-1)/2.
6
Suppose 0 = 62*t - 2716 - 570. Let o = -10 + 19. Calculate the remainder when t is divided by o.
8
Let o be (4/(-3))/(9/243). Let m = -2 - o. Suppose 4*d - 2*n = 258, 2*d - 4*n - 47 = 73. What is the remainder when d is divided by m?
32
Let h(b) = -73*b - 178. Calculate the remainder when h(-8) is divided by 140.
126
Let a(b) = -b**2 + 15*b - 28. Let t be a(9). Suppose -224 = -t*n + 19*n. Suppose 6*l - l = 45. What is the remainder when n is divided by l?
5
Suppose 0 = -0*q - 7*q. Suppose q = -5*g - 1681 + 331. Calculate the remainder when 69 is divided by (g/(-25))/6*10.
15
Suppose 2*h - h = -i + 47, 3*h = 4*i + 120. Suppose -4*q + h = 10*z - 5*z, -2*z = 4*q - 44. What is the remainder when (-222)/(-3) + 0/(-1) is divided by q?
8
Let w(o) = -7*o - 94. Let q be w(-15). Suppose 0 = -15*h + q*h + 300. Suppose 3*z - z - 54 = 0. Calculate the remainder when h is divided by z.
21
Let a(i) be the first derivative of i**2 - 30*i + 2. Let z be a(16). Suppose -z = 6*x - 92. What is the remainder when 41 is divided by x?
11
Suppose 2*z = 4 + 16. Let m = -8329 - -8616. Calculate the remainder when m is divided by z.
7
Let t(q) = -q**3 + 12*q**2 + 16*q. Let v be (-57)/(-3) - (-1 + -1). Let n = v + 1. Calculate the remainder when t(13) is divided by n.
17
Let t be 8*16/(-8)*(-34)/1. Let b = 567 - t. What is the remainder when b is divided by 14?
9
Let k(t) = 64*t**2 - 2*t + 44. Let n be (2 - 0) + (-1 - 11). Let c = n + 22. Calculate the remainder when k(0) is divided by c.
8
Let a(h) = -748*h - 1767. What is the remainder when a(-6) is divided by 22?
15
Let x(y) = 122*y - 303. Calculate the remainder when 620 is divided by x(5).
6
Let m(d) = d - d**3 + 5*d**3 + 1456 - 2*d**2 - 1471. What is the remainder when m(3) is divided by 16?
14
Calculate the remainder when ((-1458)/(-1701))/((-1)/(-23247)) is divided by 21.
18
Let n = 4284 + -22444. Calculate the remainder when 8/(-44) + n/(-55) is divided by 85.
75
Let d(s) = 4 + 2*s + 0 + 0*s - 6*s. Calculate the remainder when d(-13) is divided by 19.
18
Let s = -41 + 50. Let j(g) = 3*g**2 + 3*g + 17. Calculate the remainder when j(s) is divided by 58.
55
Calculate the remainder when 1415 is divided by 3 - (0 - 237)/(3 - (-18)/(-12)).
127
Let g(j) = 35*j + 3. Let h be g(-2). Let l = h + 74. Suppose -l*c + 65 = 16. What is the remainder when 16 is divided by c?
2
Calculate the remainder when 48/14*98/(-35)*-15 is divided by 32.
16
Suppose 0 = -5*o + 6*o - 158. Suppose 11*g - 345 + o = 0. Calculate the remainder when 51 is divided by g.
0
Let l be ((-48)/10)/(-5*(-4)/400). Calculate the remainder when 15 is divided by l/(-18) + 3/(-9).
0
Let g = 4018 + -1735. Suppose -8*m + g = 323. Suppose a + m = 8*a. What is the remainder when 207 is divided by a?
32
Suppose 15*b - 6*b = 1143. Suppose b*m - 134*m = -133. What is the remainder when 28 is divided by m?
9
Let y = 27 - 11. Suppose 5*n - 5*s - y = -56, 5*s = -25. Calculate the remainder when 65 is divided by -4*(-2 + 1) - n.
14
Let s(p) = -16 - 73 - 73 + 18*p. Calculate the remainder when s(29) is divided by 117.
9
Suppose 0 = w - 32 - 75. Let a(o) be the second derivative of o**3/2 + 97*o**2/2 - 2*o + 3. Calculate the remainder when w is divided by a(-20).
33
Let a(t) = t**2 + t - 19. Let y = -484 - -490. What is the remainder when 106 is divided by a(y)?
14
Let d = -7243 + 7484. What is the remainder when d is divided by 73?
22
Let h(n) = 135*n + 2056. What is the remainder when 12056 is divided by h(-15)?
28
Let w(y) = 2*y - 5. Let v(f) = -f**3 - 6*f**2 - 5*f + 5. Let c be v(-5). Let j = 3 + -2. What is the remainder when w(c) is divided by j?
0
Suppose -4*z - 3*w + 100 = 0, z - 5*w - 48 = -0*w. Suppose -2*c + 25 = -179. What is the remainder when c is divided by z?
18
Let l(z) = -z**3 - z**2 + 5. Let f be l(-3). Let n = -50 + f. Let c = n - -33. Calculate the remainder when 35 is divided by c.
5
Suppose 40*p = 45*p - 75. Suppose 12*y + 11*y + 115 = 0. Let z(n) = 2*n**2 + 9*n + 51. What is the remainder when z(y) is divided by p?
11
Let h(q) = -q**2 - 16*q + 192. Let u be h(8). Let j = -33 - -60. What is the remainder when j is divided by 12/48*24 - (-10 - u)?
11
Suppose u = -4*u - 4*c + 85, 4*c + 32 = 4*u. Suppose 0 = -i + v + u, 3*i - 5*v + 0*v = 47. What is the remainder when 429*-3*(-1)/i*1 is divided by 29?
27
Suppose 5*a - 14 = 3*r - 133, 3*r = -5*a + 79. Calculate the remainder when 82 is divided by r.
16
Let r be (72/(-20) - -3) + 54/(-10). Calculate the remainder when (-1)/(6/68)*45/r is divided by 43.
42
Let f(u) = -22*u**3 + 426*u**2 + 21*u**3 + 3*u - 47 - 409*u**2. What is the remainder when f(17) is divided by 4?
0
Suppose 50*f = 21*f + 25*f + 3792. What is the remainder when f is divided by 95?
93
Let y(l) = 2*l**2 + 59*l - 248. Suppose 0 = 2*m - 3*j - 262, 3*m - 2*j = j + 399. What is the remainder when m is divided by y(4)?
17
Suppose 107 = 12*t - 541. Suppose 27*k = 29*k - t. Calculate the remainder when 50 is divided by k.
23
Let b(i) be the second derivative of 1/12*i**4 + 0 - 1/3*i**3 + 22*i + 1/2*i**2. Calculate the remainder when b(4) is divided by 4.
1
Suppose v + 0*v + m = 3, -3*m - 39 = -5*v. Let h = -637926 - -637934. Calculate the remainder when (-2 - -44)/(4/v) is divided by h.
7
Let b(m) = -6*m**2 + 26*m**2 - 5*m - 5*m**2 - m**3 - m - 20 + m**2. Calculate the remainder when b(6) is divided by 77.
73
Suppose b = 3*k + 72, -121*k - 408 = -5*b - 122*k. What is the remainder when 348 is divided by b?
24
Suppose -6*k - 94 + 466 = 0. Suppose -k*m + 20*m + 5124 = 0. Calculate the remainder when m is divided by 25.
22
Calculate the remainder when (3 + -6 - (1712 - 6))*-1 is divided by 288.
269
Suppose 11*g - 2124 - 2258 = 161. Calculate the remainder when 1716 is divided by g.
64
Let p(v) = 98*v + 692. Calculate the remainder when p(-5) is divided by 125.
77
Let y = 202 + -107. Calculate the remainder when y is divided by (32 - 1) + (3 - 2).
31
What is the remainder when ((-23)/(-138))/(1 + 14852/(-14856)) is divided by 238?
143
Suppose 90*s - 4*c + 396 = 94*s, -4*c - 304 = -3*s. Let b = 111 - 24. Let p = s - b. What is the remainder when 25 is divided by p?
12
Let r = 6274 - 5951. What is the remainder when r is divided by 156?
11
Calculate the remainder when 1050 is divided by 1/(18/3 - (-699)/(-117)).
36
Suppose -29*s = -13*s + 20*s - 13176. What is the remainder when s is divided by 58?
18
Calculate the remainder when 1118 is divided by (-84)/147 - (-3)/(-21)*-200.
26
Suppose 4*p - 12 = 2*o - 4*o, -3*p = 2*o - 12. Let b(k) = -7*k**2 + 11*k + 3. Let h be b(2). Calculate the remainder when 2/h*(-3069)/62 is divided by o.
3
Let x = -47 - -45. Let f be (x*(-2)/12)/((-1)/(-102)). Let j = f - 15. Calculate the remainder when 112 is divided by j.
17
Let c(s) = -10*s - 3. Let t = 24431 + -24357. What is the remainder when t is divided by c(-2)?
6
Let i be 4/(16/(-14))*(-1 + -5). Suppose -15*h + 8*h = -i. Suppose -x + 26 = 4*t, 3*x + 6*t - 33 = h*t. What is the remainder when 11 is divided by x?
5
Let g be (-7)/((5 + 124/(-24))*-3). Calculate the remainder when 212*((-3)/(-7) - 1/g) is divided by 20.
6
Let s(t) = -530*t - 3311. Calculate the remainder when s(-8) is divided by 233.
230
What is the remainder when 0 + 207 - 3 - -1 is divided by (-20